4).
-44
Let a(h) be the first derivative of -5/3*h**3 + 1/4*h**4 + 9*h + 2 - 7/2*h**2. Let g(o) = -o**2 + 9*o + 58. Let p be g(-4). Give a(p).
3
Suppose 33*n = m + 32*n - 5, 2*n = 5*m - 22. Let j = 0 + 0. Let z(o) = -130*o + j + 129*o + m. What is z(4)?
0
Let k(r) = r**2 + 28*r + 142. Let y be k(-7). Let j(c) = -2*c**2 - 5*c. Calculate j(y).
-25
Let p(v) be the third derivative of 3/2*v**3 + 0 - 5/12*v**4 + 1/60*v**5 - 10*v**2 + 0*v. Give p(9).
0
Suppose -830 + 277 = 79*y. Let g(f) = -9*f - 75. What is g(y)?
-12
Let j(d) = 2*d + 7. Let x(c) = -4*c**2 + c + 52. Let f be x(0). Let r = f - 55. Calculate j(r).
1
Let p(t) = t**3 - 4*t**2 - 4*t - 1. Let b(y) = -6*y - 7. Let o be b(-2). Let m be p(o). Let c = m - 11. Let q(a) = -a**3 - 8*a**2 - 6*a + 10. Calculate q(c).
3
Let a(h) = -18*h. Let w(r) = 2*r**3 - 5*r**2 + 2*r - 1. Let y be w(2). Let g be (-88 - -95) + 6/y. Give a(g).
-18
Let n(l) = 12*l**2 - 31*l**2 + 9*l + 14*l**2 + 4*l**2. Let k(i) = 2*i**2 - 3*i. Let v(u) = -u**2 - 5*u - 3. Let d be v(-3). Let b be k(d). Calculate n(b).
0
Let w(a) be the second derivative of -5*a**3/6 + a**2 - 577*a. Determine w(-3).
17
Let b(v) = 2*v**2 - 2*v - 1. Let a(i) = i**3 + i**2 - 7*i - 1. Let n be a(-6). Let j = 141 + n. What is b(j)?
3
Let x(w) = -2*w**2 + 1. Suppose z - 6 = -2*z. Let p = -4295 + 4318. Suppose -p = -4*a + 5*j, -4*a + 16 = -z*j + 2. Give x(a).
-7
Let r be (3/(-2) + 33/110)*(-10)/(-4). Let b(y) = 27 + 2*y - 41 + 19. What is b(r)?
-1
Let n(o) = -3*o - 16. Let x(a) = 15*a + 75. Let y(z) = 24*n(z) + 5*x(z). Let p be -5*3/(-9)*3. Let m(u) = -u**3 + 4*u**2 + 7*u - 4. Let r be m(p). What is y(r)?
9
Let q(o) be the second derivative of -31*o**4/12 - 281*o**3/6 - 8*o**2 + 2333*o - 2. Calculate q(-9).
2
Let r = -297 - -305. Suppose -4*a + 8 = 4*g, 4*g + r = a - 9. Let b(i) = -2*i + 2. Determine b(a).
-8
Let g(i) = 10*i**2 - 4*i + 18. Let x(f) be the third derivative of -f**5/20 + f**4/24 - f**3 + 78*f**2. Let n(v) = -2*g(v) - 7*x(v). Determine n(0).
6
Suppose 60*n + 100 = 55*n. Let c(l) = -l**3 - 20*l**2 - l - 5. Determine c(n).
15
Let n(k) = 7*k**2 + 4*k. Let z be (126/49 - 3)/((-3)/(-21)). What is n(z)?
51
Suppose -5*u = -3*y - 13 - 16, 0 = 4*y + 3*u. Let j be 231/(-28) + 39/12 + y. Let l(r) = r**3 + 8*r**2 - 2. Calculate l(j).
-2
Let o(f) be the first derivative of 19*f**4/2 + f**2 + f + 62548. Let q be ((-2)/4)/((-1)/(-2)). What is o(q)?
-39
Let s(j) = 2*j**2 - 18*j + 10. Let t be s(9). Suppose 0 = x + 35 - 34, 3*b - x = t. Let p(a) = a**3 - 3*a + 2. Give p(b).
20
Suppose -1247*d + 2227 = -1116*d. Let s(a) = 4*a**2 - 67*a - 20. Determine s(d).
-3
Let h(f) be the first derivative of -f**3/3 - 5*f**2 + 29*f - 2776. Calculate h(-13).
-10
Let s = -166 - -159. Let n(u) be the first derivative of u**2 + 9*u - 1. Determine n(s).
-5
Let j(x) = 424*x + 420*x + 424*x - 1266*x + 15. Give j(8).
31
Let p = 518 + -516. Let l(d) = d + 61*d**2 - 18*d**2 - 21*d**p. Calculate l(1).
23
Let p(d) = 2*d + 1. Let l(r) = -r**3 + 19*r**2 - r + 23. Let k be l(19). Let b be -7 - -16 - k/((-16)/(-12)). What is p(b)?
13
Let q(w) = 3*w**2 - 12*w + 3. Let d(g) = -167*g - 1166. Let j be d(-7). Give q(j).
-6
Let v(k) be the third derivative of -3*k**4/4 + k**3/6 + 23*k**2. Let u = 59 + -60. Give v(u).
19
Let s(d) = -21*d**3 + d**2 + d + 1. Let x be -4*(-5 + 147/28). Let m be (2/6)/(x*6/18). Give s(m).
22
Let b be 0*((-217)/21 - -10). Let i(m) = m**2 + 3*m + 7. Calculate i(b).
7
Let v(c) be the second derivative of c**4/12 - 2*c**2 + 243*c + 2. Let s be -4 - (1 + (-5 - -3)). Let q = 0 + s. Give v(q).
5
Suppose -14*k - 2*k + 158 = 14. Let s(y) = -2*y**2 + 9*y + 19. Determine s(k).
-62
Suppose 4*c + 3*n = 0, -9*c + 3*n = -12*c. Let a(q) = 5*q + 6. Give a(c).
6
Let n(s) be the third derivative of s**6/360 - 3*s**4/8 + 7*s**3/3 + 19*s**2. Let k(f) be the first derivative of n(f). Suppose -8*q + 4*q = 5*q. What is k(q)?
-9
Let b(w) be the first derivative of w**2/2 + 4*w + 1803. Let s = -14 + 16. Calculate b(s).
6
Let v(a) = 2*a**2 + a + 4. Let w(k) = 5*k**2 + 40*k - 60. Let x(z) = 6*v(z) - 2*w(z). Give x(35).
4
Let n(f) = 5*f - 21. Let s(r) = 104*r - 440. Let c(i) = -64*n(i) + 3*s(i). Give c(16).
-104
Let s be ((-30)/(-21))/(140/(-392)). Let h(l) = -l**2 + 7. Give h(s).
-9
Let k(b) = -40*b + 194. Let p = 4961 + -4956. What is k(p)?
-6
Let g(r) = -r**3 - 22*r**2 + 71*r + 551. Let b be g(-24). Let p(a) = 19*a**3 - a**2 - 3*a - 1. Give p(b).
-18
Suppose -18 + 143 = -28*x + 3*x. Let g(o) = o**3 + o**2 - 10*o - 3. Determine g(x).
-53
Let a(t) = -30*t**2 - 135*t + 45. Let f(i) = -11*i**2 - 49*i + 16. Let j(y) = -4*a(y) + 11*f(y). Let u = -9 - -16. Calculate j(u).
-46
Let d(a) = 3 - a + 1 - 3. Suppose -4*s + s = 4*z - 31, -4*z + 21 = s. Suppose -3*q = 12, z*p - 2*p + q - 2 = 0. Calculate d(p).
-2
Let x(o) = -o**2 + 5*o + 4. Suppose 1 = -5*h - 19. Let s be 3*h/18 + (-210)/9. Let u be ((10/8)/(-1))/(6/s). What is x(u)?
4
Let h(c) = 5*c**3 - c**2 + 1. Let d(t) = 8*t**2 + 15*t - 14. Let k(j) = -5*j**2 - 8*j + 7. Let x(u) = -3*d(u) - 5*k(u). Let p be x(2). What is h(p)?
5
Let r(o) = -32*o - 6. Let b(d) = -637*d - 119. Let k(f) = -6*b(f) + 119*r(f). Determine k(-1).
-14
Suppose 200*k - 188*k + 373 = -143. Let s(a) = -4*a - 146. Give s(k).
26
Let j(b) = 9541 - 4820 - 40*b - 4788 - b**2. What is j(-38)?
9
Let u(y) = y**3 - 6*y**2 - 2*y + 23. Let b be u(3). Let c(p) = -5*p**2 + 5 + 4 - p**3 - 5*p**2 + 2*p + 4. Calculate c(b).
-7
Let b(y) be the third derivative of -y**6/120 - 8*y**5/15 - y**4/12 - 32*y**3/3 - 3*y**2 - 4*y. Let h be b(-32). Let v(t) = 10 + 2*t - 3*t + 1. Give v(h).
11
Let b be ((-5)/(5/3) + 3)/2. Suppose 5*s - 3*s = b. Let t(k) = k + 24 - 1 - 14. What is t(s)?
9
Let h(z) be the third derivative of 2*z**5/15 - z**4/8 - z**3/3 + 125*z**2 + 5. Determine h(-2).
36
Let t(p) be the third derivative of -3*p**4/8 - 4*p**3/3 + 8*p**2 - 27*p. Determine t(9).
-89
Let b(a) be the second derivative of a**4/12 + 3*a**3/2 + 5*a**2 - 945*a - 2. What is b(-8)?
2
Let j(d) = d**3 + 5*d**2 + 10*d + 3. Let n(i) = 46*i + 2252. Let b be n(-49). Give j(b).
-5
Suppose -2*z - 9*v = -6*v - 1, 4*z = 5*v + 57. Let r(l) = l**2 - 5*l + 19. Determine r(z).
43
Let x(j) = -j**2 + 7*j - 11. Let q(v) = v**3 - 14*v**2 + 7*v + 83. Let h be q(13). Determine x(h).
-1
Let c = -75 + 65. Let n(l) = l**2 + 5*l + 15. Let u be n(c). Let b(z) = -69*z + 138*z - u*z. Calculate b(3).
12
Let t(l) be the third derivative of -7*l**5/20 - l**4/12 + l**3/6 + 50*l**2 - 1. Calculate t(1).
-22
Let o(l) = 163 - 23*l**3 - 77 - 80 + l - 16*l**2 + 21*l**3. Determine o(-8).
-2
Suppose 0 = -2*l + 13 - 3. Suppose 0*s - l = -s. Let i(f) = -5*f**2 - 5*f - 6 + 4*f + f**3 - s*f. Calculate i(6).
-6
Let u(l) be the second derivative of -l**4/12 - 8*l**3/3 - 12*l**2 - 47*l + 28. Calculate u(-12).
24
Let o = 755 - 709. Suppose -35 + o = -11*l. Let p(h) = 6*h**3 + h**2 + 2*h + 1. Give p(l).
-6
Let o(k) = 2*k**2 - 15*k + 12. Let h be o(7). Let i(d) = 2*d + 10. Determine i(h).
20
Let i = -4502 - -4506. Let g(d) be the second derivative of 1/12*d**i - 10*d + 1/6*d**3 + 0 - d**2. What is g(-5)?
18
Let x(u) = -239*u**2 - 5*u - 104. Let r(w) = -32*w**2 - w - 15. Let o(y) = -15*r(y) + 2*x(y). What is o(-5)?
42
Let y(q) = -q**2 + 7*q - 1. Let j(d) = 0 - d - 6 - 11 + 5. Let f be j(-8). Let b be 18/(-2)*f/6. Calculate y(b).
5
Let v(d) = 7*d - 200. Let j(k) = 19*k - 549. Let u(b) = 4*j(b) - 11*v(b). Let l(p) = p**3 - 2*p**2 - 3*p + 2. Let c be l(2). Calculate u(c).
8
Suppose 93*v - 89*v - 92 = 0. Suppose v*p = 25*p + 2. Let w(f) = 5*f + f + 5*f - 1. Calculate w(p).
-12
Let m(u) = 77*u - 8862. Let f be m(115). Let a(p) be the third derivative of p**5/60 + 5*p**4/24 + p**2. Give a(f).
14
Let q(k) = k - 4. Let i(z) be the third derivative of -z**5/30 + z**4/24 + 55*z**3/6 - 15*z**2. Let s be i(0). Suppose 0*g - s = -5*g. Give q(g).
7
Let f be (4 - 28 - -54) + 8. Let q(i) = i**3 - 39*i**2 + 40*i - 65. Give q(f).
11
Let n(l) be the first derivative of 2*l**3/3 + 5*l**2/2 + 22*l + 3756. Give n(-6).
64
Let t(j) = j**2 - 2*j + 100 - 2*j - 99. Let z(o) = -2*o**2 + 4*o - 2. Let a = -22 - -19. Let q(y) = a*t(y) - 2*z(y). Give q(-5).
6
Let m(q) = 4*q**2 + 5*q. Let a(n) = n**2. Let r(y) = -5*a(y) + m(y). Let j be (-1 + 2/(-4))*(3 - 5). Suppose -4*o = j*h - 0*h, -5*h + 32 = -4